git of 5706?
7
What is the tens digit of 5050?
5
What is the hundred thousands digit of 144642?
1
What is the thousands digit of 2588?
2
What is the thousands digit of 2120?
2
What is the units digit of 866?
6
What is the tens digit of 101?
0
What is the hundreds digit of 3338?
3
What is the units digit of 15649?
9
What is the tens digit of 9019?
1
What is the tens digit of 537?
3
What is the hundreds digit of 40089?
0
What is the thousands digit of 1106?
1
What is the tens digit of 6322?
2
What is the hundreds digit of 7821?
8
What is the tens digit of 2342?
4
What is the hundreds digit of 325?
3
What is the units digit of 3245?
5
What is the hundred thousands digit of 157436?
1
What is the units digit of 36984?
4
What is the thousands digit of 7683?
7
What is the hundreds digit of 152?
1
What is the ten thousands digit of 20606?
2
What is the hundreds digit of 6494?
4
What is the units digit of 2972?
2
What is the hundreds digit of 2875?
8
What is the tens digit of 249?
4
What is the tens digit of 47?
4
What is the thousands digit of 5986?
5
What is the tens digit of 15182?
8
What is the units digit of 1035?
5
What is the thousands digit of 44308?
4
What is the tens digit of 43212?
1
What is the ten thousands digit of 17892?
1
What is the units digit of 1720?
0
What is the tens digit of 12812?
1
What is the hundreds digit of 32979?
9
What is the hundreds digit of 2408?
4
What is the units digit of 795?
5
What is the tens digit of 5405?
0
What is the units digit of 4533?
3
What is the tens digit of 698?
9
What is the units digit of 3431?
1
What is the hundreds digit of 1771?
7
What is the tens digit of 8517?
1
What is the units digit of 993?
3
What is the thousands digit of 1395?
1
What is the tens digit of 9326?
2
What is the hundreds digit of 8856?
8
What is the hundreds digit of 77120?
1
What is the hundreds digit of 3354?
3
What is the hundreds digit of 926?
9
What is the units digit of 52?
2
What is the ten thousands digit of 22375?
2
What is the thousands digit of 2096?
2
What is the thousands digit of 2003?
2
What is the tens digit of 31389?
8
What is the units digit of 1938?
8
What is the tens digit of 3753?
5
What is the thousands digit of 6159?
6
What is the thousands digit of 4814?
4
What is the units digit of 52736?
6
What is the tens digit of 60?
6
What is the tens digit of 2976?
7
What is the hundreds digit of 711?
7
What is the tens digit of 46766?
6
What is the thousands digit of 8023?
8
What is the tens digit of 58995?
9
What is the thousands digit of 62348?
2
What is the hundreds digit of 3565?
5
What is the thousands digit of 86959?
6
What is the hundreds digit of 9561?
5
What is the hundreds digit of 15742?
7
What is the hundreds digit of 5136?
1
What is the hundreds digit of 1255?
2
What is the units digit of 2767?
7
What is the units digit of 193?
3
What is the tens digit of 10064?
6
What is the hundreds digit of 23995?
9
What is the hundreds digit of 1906?
9
What is the ten thousands digit of 37746?
3
What is the hundreds digit of 814?
8
What is the thousands digit of 1627?
1
What is the units digit of 4382?
2
What is the thousands digit of 4166?
4
What is the tens digit of 4844?
4
What is the tens digit of 3752?
5
What is the units digit of 70433?
3
What is the tens digit of 24219?
1
What is the tens digit of 4350?
5
What is the tens digit of 49356?
5
What is the hundreds digit of 1722?
7
What is the hundreds digit of 62581?
5
What is the units digit of 65953?
3
What is the units digit of 3199?
9
What is the ten thousands digit of 14009?
1
What is the ten thousands digit of 16591?
1
What is the hundreds digit of 1363?
3
What is the tens digit of 299?
9
What is the thousands digit of 4765?
4
What is the units digit of 5991?
1
What is the hundreds digit of 1393?
3
What is the thousands digit of 7673?
7
What is the units digit of 8049?
9
What is the units digit of 1720?
0
What is the hundreds digit of 1348?
3
What is the ten thousands digit of 49540?
4
What is the hundreds digit of 1307?
3
What is the thousands digit of 107756?
7
What is the units digit of 543?
3
What is the units digit of 910?
0
What is the thousands digit of 164704?
4
What is the hundreds digit of 1836?
8
What is the units digit of 1984?
4
What is the units digit of 2116?
6
What is the thousands digit of 48006?
8
What is the tens digit of 16505?
0
What is the units digit of 787?
7
What is the thousands digit of 6091?
6
What is the tens digit of 14584?
8
What is the units digit of 2389?
9
What is the units digit of 28054?
4
What is the units digit of 116?
6
What is the tens digit of 24830?
3
What is the hundreds digit of 6247?
2
What is the tens digit of 130?
3
What is the thousands digit of 10904?
0
What is the ten thousands digit of 44601?
4
What is the thousands digit of 6201?
6
What is the thousands digit of 2846?
2
What is the ten thousands digit of 61764?
6
What is the ten thousands digit of 30355?
3
What is the hundreds digit of 18023?
0
What is the thousands digit of 1640?
1
What is the units digit of 9734?
4
What is the tens digit of 4233?
3
What is the tens digit of 10673?
7
What is the ten thousands digit of 14840?
1
What is the hundreds digit of 24964?
9
What is the thousands digit of 129596?
9
What is the tens digit of 4111?
1
What is the units digit of 375?
5
What is the hundreds digit of 134?
1
What is the tens digit of 5477?
7
What is the thousands digit of 1620?
1
What is the thousands digit of 38500?
8
What is the units digit of 27803?
3
What is the hundreds digit of 5642?
6
What is the thousands digit of 58463?
8
What is the units digit of 16140?
0
What is the units digit of 762?
2
What is the tens digit of 7975?
7
What is the thousands digit of 6357?
6
What is the units digit of 19441?
1
What is the tens digit of 9732?
3
What is the hundred thousands digit of 188013?
1
What is the ten thousands digit of 157560?
5
What is the units digit of 589?
9
What is the hundreds digit of 74178?
1
What is the thousands digit of 1442?
1
What is the tens digit of 18787?
8
What is the units digit of 1235?
5
What is the thousands digit of 44141?
4
What is the units digit of 1650?
0
What is the tens digit of 7323?
2
What is the hundreds digit of 6313?
3
What is the tens digit of 23403?
0
What is the tens digit of 2274?
7
What is the thousands digit of 10294?
0
What is the thousands digit of 5923?
5
What is the tens digit of 807?
0
What is the tens digit of 1513?
1
What is the units digit of 41999?
9
What is the units digit of 2669?
9
What is the thousands digit of 7780?
7
What is the hundreds digit of 978?
9
What is the tens digit of 1156?
5
What is the thousands digit of 2939?
2
What is the units digit of 58513?
3
What is the tens digit of 1665?
6
What is the hundreds digit of 8840?
8
What is the units digit of 9887?
7
What is the units digit of 3438?
8
What is the hundreds digit of 2402?
4
What is the tens digit of 6057?
5
What is the tens digit of 1211?
1
What is the units digit of 1225?
5
What is the units digit of 580?
0
What is the units digit of 1681?
1
What is the units digit of 748?
8
What is the ten thousands digit of 28526?
2
What is the thousands digit of 3878?
3
What is the thousands digit of 3971?
3
What is the ten thousands digit of 11928?
1
What is the units digit of 8635?
5
What is the hundreds digit of 2930?
9
What is the units digit of 28303?
3
What is the ten thousands digit of 58321?
5
What is the thousands digit of 31477?
1
What is the hundreds digit of 9814?
8
What is the thousands digit of 11818?
1
What is the hundreds digit of 8939?
9
What is the tens digit of 9778?
7
What is the units digit of 1268?
8
What is the thousands digit of 35829?
5
What is the ten thousands digit of 27244?
2
What is the units digit of 4245?
5
What is the units digit of 21?
1
What is the hundred thousands digit of 117786?
1
What is the hundreds digit of 177294?
2
What is the thousands digit of 2828?
2
What is the units digit of 23000?
0
What is the tens digit of 6049?
4
What is the units digit of 81610?
0
What is the thousands digit of 1009?
1
What is the hundreds digit of 61581?
5
What is the thousands digit of 7248?
7
What is the ten thousands digit of 81592?
8
What is the units digit of 1201?
1
What is the hundreds digit of 39114?
1
What is the